t l(o) = 196*o**2 + 9*o + 15. List the prime factors of l(5).
2, 5, 31
Suppose -2 = -y, -2*y + 250 = 3*d + 3*y. Suppose 5 = 5*r - d. Let t = r + 45. What are the prime factors of t?
2, 31
What are the prime factors of (-12)/(-21) - 17597040/(-798)?
2, 37, 149
Let v(l) = -161*l + 1930. What are the prime factors of v(-28)?
2, 3, 29, 37
Let k = 52700 - 5681. What are the prime factors of k?
3, 7, 2239
Let b(x) = x**2 - x + 547. Let a be b(0). Suppose 0 = j - n - a, -2732 = -3*j - 2*j + 4*n. What are the prime factors of j?
2, 17
Let a be (-1884 + -1 + (-9)/(-3))/2. Let w = -650 - a. List the prime factors of w.
3, 97
Let w = -33717 + 55326. What are the prime factors of w?
3, 7
Let h = 23216 + -15868. What are the prime factors of h?
2, 11, 167
Let r be ((-180)/72)/(5/(-148)). What are the prime factors of (-7868)/(-9) - r/333?
2, 19, 23
Let x(v) = -v**2 + 32*v - 42. Let c = -13 - -26. Let s be x(c). Suppose s*n + 74 = 206*n. What are the prime factors of n?
2, 37
Suppose -18*y - 204 = -15*y. Let d = -54 - y. Suppose -d*i = -6*i - 344. What are the prime factors of i?
43
Let j(l) = 5 - 3*l**2 + 6*l**2 + 28*l + 4*l**2 - 10. List the prime factors of j(-8).
3, 73
Suppose 109 = -3*z + 127, 3*p - 4*z = 12870. What are the prime factors of p?
2, 7, 307
What are the prime factors of (3316/(-42) - (-2)/7)*(-265335)/1330?
2, 7, 19, 59
Let o(l) be the first derivative of l**2 + 18*l - 13. Let q be o(-8). Suppose q*i = 4*z + 166, 4*z = 3*i - 115 - 136. List the prime factors of i.
5, 17
Let a = 137 + -113. Suppose a*f - 13*f = 5434. What are the prime factors of f?
2, 13, 19
Suppose 0 = 459*y + 462*y - 940*y + 158004. What are the prime factors of y?
2, 3, 7, 11
Let w = -48 + 66. Suppose 1986 = 4*h + w*m - 17*m, -2*h + 1004 = -5*m. What are the prime factors of h?
7, 71
Let w(m) = -9*m + 294. Let x(u) = 2*u - 42. Let n(z) = -2*w(z) - 15*x(z). What are the prime factors of n(-21)?
2, 3, 7
Let m(y) = -4*y**3 + 19*y**2 + 2*y + 15. Let f be m(5). Suppose 0 + 8 = 2*q. Suppose f = z - q*z + 102. What are the prime factors of z?
2, 17
Suppose 4*y - 3*g = -4*g - 116, -5*g = -4*y - 140. Let l be 20/y*81/(-2). What are the prime factors of l/36 + 962/8?
11
Let a(i) = -4749*i + 10487. What are the prime factors of a(-10)?
57977
Suppose 0*y - 178 = y - b, 4*y + 739 = -5*b. Let x = -22 - y. List the prime factors of x.
3, 53
Let r(z) = z**2 + 4*z - 29. Let v be r(-13). Suppose -v = -x + 5*x. Let h = -20 - x. What are the prime factors of h?
2
Suppose -v - 2729 = q - 8358, 0 = 2*q - 4*v - 11276. What are the prime factors of q?
2, 11
Let c be (-122)/8*(0/(-2) - 4). Suppose -57*l = -c*l + 836. List the prime factors of l.
11, 19
Let v be (-49 + 50)*(8 + (-1)/1). Let y(b) = 2*b**2 - 12*b - 8. Let q be y(v). Suppose -1 = -q*p + 215. What are the prime factors of p?
2, 3
Let n(j) = 2*j - j + 5*j + 11 - 3*j. Let o be n(5). List the prime factors of ((-351)/o)/(2/(-32)).
2, 3
Let w = -47058 - -67244. List the prime factors of w.
2, 10093
Let f = 83162 + -32088. What are the prime factors of f?
2, 25537
List the prime factors of 1315/(-2)*(3 - (8 + -1)).
2, 5, 263
Suppose -8*b - 8 = -10*b. Suppose 2 - 2 = b*v. Suppose 0 = -i + 2, v = 4*k - 5*i - 350. List the prime factors of k.
2, 3, 5
Let v = 1120 - 573. Let b = v - 384. What are the prime factors of b?
163
Suppose 15 = 13*v - 12*v. Suppose 2*c + l = -117 - v, 0 = -4*c - 5*l - 258. Let z = c + 195. List the prime factors of z.
2
Let p = -36 - -39. Suppose p*v - 19 = 2. Suppose 3*k + 5*d - 155 = 0, k - 4*d = 73 + v. What are the prime factors of k?
2, 3, 5
Let d = 858 + -35. Suppose -3*b + 5*g = -853, -3*g + d = 3*b - 2*g. Suppose b = 9*u - 5*u. List the prime factors of u.
3, 23
Let a = 2447 - 2007. What are the prime factors of a?
2, 5, 11
Let i = 41743 - 28873. What are the prime factors of i?
2, 3, 5, 11, 13
Suppose -3*p + p = -4*p. Suppose p = -55*a - 1716 + 40821. List the prime factors of a.
3, 79
Let c(p) = -331*p - 314. What are the prime factors of c(-60)?
2, 29, 337
Suppose -228 = -18*b + 78. Suppose -6503 - 3663 = -b*v. List the prime factors of v.
2, 13, 23
Let i = 11654 - -12130. List the prime factors of i.
2, 3, 991
Let t(a) = a**2 - 17*a + 73. Let k be t(7). Suppose 0 = g - 1 - k, -5*m + 2434 = -4*g. List the prime factors of m.
2, 5, 7
Let c be -4*(2 + (-4 - -1)). Suppose -c*k = k - 2010. What are the prime factors of k?
2, 3, 67
Let b = -1945 + 7282. What are the prime factors of b?
3, 593
Let g be (-6)/(-2) + 1 + 2 + 14. Suppose g = p + 4*p, -p = 5*l - 19. Suppose 5*x - 73 = -l. List the prime factors of x.
2, 7
What are the prime factors of ((-20825)/20 + 3/(-1))/((-224)/17920)?
2, 5, 4177
Let o = -169 + 81. Let t = o - -133. What are the prime factors of t - ((-2)/(-4) + 28/(-8))?
2, 3
Let g = -18 + 63. Let b be 6*6*5/g. What are the prime factors of (2/(b/69))/((-3)/(-6))?
3, 23
List the prime factors of (12/16)/((-25)/(-315300)).
3, 1051
Let y(v) = 41*v - 5. Let n be y(9). Suppose 3*l - 4*l + n = 0. Suppose 0*k = -7*k + l. What are the prime factors of k?
2, 13
Let x(u) = 117*u**3 + 20*u**2 - 107*u - 37. What are the prime factors of x(6)?
17, 1489
Suppose 2*b - 29 = -19. Suppose 4 = -2*h + d - 5*d, b*h + 3*d = 18. Suppose 4*y = h*y - 340. List the prime factors of y.
2, 5, 17
Let c(f) = 1563*f**2 - 3*f - 4. Let m be c(-1). Suppose 0 = -4*d - y + 1563, 2*d - m = -2*d - 2*y. What are the prime factors of d?
17, 23
Let t(y) be the third derivative of y**6/15 - y**5/15 - y**4/12 + 5*y**3/6 - 9*y**2. Let f be t(3). Let c = f + -82. List the prime factors of c.
97
Suppose 5*d + 875 - 320 = 0. Let k = d + 415. List the prime factors of k.
2, 19
Suppose -2*t + 2 = -y + 10, 8 = -2*t - 2*y. Let g be 248*-1 - 3/((-6)/t). Let u = -114 - g. What are the prime factors of u?
2, 17
Suppose d - 8*i = -7*i - 2, 5*i - 7 = 2*d. List the prime factors of (-69875)/(-100) - d/4.
3, 233
What are the prime factors of ((-2368058)/44)/(-7) - (-1)/(-2)?
2, 31
Suppose 3*d + y = -1123 + 5652, 3*y = -4*d + 6037. What are the prime factors of d?
2, 5, 151
Let d = -73 + 77. Suppose -d*j - 3*p = -1272, -4*j + 9*j = 2*p + 1567. What are the prime factors of j?
3, 5, 7
Suppose 925 = 3*a + v, 4*v + 1549 = 5*a + 2*v. Suppose a = -2*c + 1423. What are the prime factors of c?
557
Let v(p) = -p**2 - 115*p + 201. What are the prime factors of v(-90)?
3, 19, 43
Suppose 8 = 5*y - 12. Suppose 3*r = y*w - 157, 5*w - 9*r + 5*r - 197 = 0. List the prime factors of w.
37
Suppose -6*n - 5 = 19. What are the prime factors of (2 - 1462)*2/n?
2, 5, 73
Let t be (-4)/(16/(-6))*(-1 - -3). Let w(k) = 188*k - 49. What are the prime factors of w(t)?
5, 103
Let g = 68 - 55. Suppose g*q - 653 = 1622. What are the prime factors of q?
5, 7
Let g(c) = 699*c - 11. Let b be 10/(-6) + ((-110)/(-15))/2. What are the prime factors of g(b)?
19, 73
List the prime factors of 28/266 - (-61)/(-38) - 659920/(-32).
17, 1213
Let o(w) = w**3 - 2*w + 9. Let s be 2/7 - ((-110)/(-35))/11. What are the prime factors of o(s)?
3
Let c(s) be the first derivative of s**3/3 + 8*s**2 + 31*s + 1. Let q be (-6237)/324 - 2/(-8). What are the prime factors of c(q)?
2, 11
Let d = -88 - -108. Let z be (28/d)/(1/10). What are the prime factors of z/(-77) - (-1 - (-2446)/(-22))?
2, 7
Suppose -6*d = -9*d - 18. Let g = d - -25. Suppose 4*s + 504 = 5*m, m + s - 80 = g. What are the prime factors of m?
2, 5
Suppose -21*i = -23*i - 46*i + 121104. What are the prime factors of i?
3, 29
Let h(r) = 16 - 32*r + 13 - 190*r + 37 - 40*r. What are the prime factors of h(-1)?
2, 41
Let r = 227 + -49. Suppose -5*v = -6*v + r. List the prime factors of v.
2, 89
Suppose -x - 4*m + 38 = -2*x, -m = 0. Let s = x - -46. Suppose s*b + 2716 = 22*b. List the prime factors of b.
2, 97
Let i = -10277 - -18300. List the prime factors of i.
71, 113
Let f(d) = 2*d - 22. Let w be f(11). Suppose 0 = -w*v + 5*v - 4*p, 0 = p. Suppose -10*l + 3*l + 224 = v. List the prime factors of l.
2
Suppose -5923 = -3*o - j, 2516 - 12385 = -5*o - j. Suppose -v + 3*v = -f + 400, 5*f - o = -v. What are the prime factors of f?
2, 197
Suppose 0 = 8*t - 23 - 17. Suppose -t*h = 25, -5*h - 67 = 2*y - 5*y. What are the prime factors of (-5676)/(-77) - (-4)/y?
2, 37
Suppose 14*x - 4*l = 16*x - 23372, 3*x = -5*l + 35057. List the prime factors 